ainder when 19446 is divided by 34?
32
Calculate the remainder when 3193 is divided by 3189.
4
What is the remainder when 40960 is divided by 6826?
4
What is the remainder when 373717 is divided by 37?
17
Calculate the remainder when 20226 is divided by 189.
3
What is the remainder when 50215 is divided by 932?
819
What is the remainder when 14116 is divided by 234?
76
What is the remainder when 320839 is divided by 130?
129
What is the remainder when 38468 is divided by 20?
8
Calculate the remainder when 1008 is divided by 543.
465
Calculate the remainder when 41830 is divided by 20866.
98
What is the remainder when 1842625 is divided by 921306?
13
What is the remainder when 5176 is divided by 192?
184
Calculate the remainder when 100 is divided by 16.
4
What is the remainder when 505121 is divided by 174?
173
Calculate the remainder when 22792 is divided by 139.
135
What is the remainder when 19967 is divided by 227?
218
What is the remainder when 74305 is divided by 120?
25
What is the remainder when 103886 is divided by 344?
342
What is the remainder when 379257 is divided by 297?
285
What is the remainder when 3161 is divided by 638?
609
Calculate the remainder when 1358011 is divided by 48.
43
What is the remainder when 1979155 is divided by 49?
45
What is the remainder when 9022 is divided by 78?
52
Calculate the remainder when 20440 is divided by 5.
0
Calculate the remainder when 25914 is divided by 359.
66
What is the remainder when 590115 is divided by 15949?
2
Calculate the remainder when 223 is divided by 68.
19
Calculate the remainder when 278826 is divided by 3819.
39
What is the remainder when 2548 is divided by 821?
85
Calculate the remainder when 60259 is divided by 20.
19
Calculate the remainder when 3303 is divided by 89.
10
What is the remainder when 82193 is divided by 822?
815
What is the remainder when 11225 is divided by 19?
15
What is the remainder when 3202 is divided by 3?
1
Calculate the remainder when 3002750 is divided by 403.
400
Calculate the remainder when 48573 is divided by 1799.
0
What is the remainder when 3294523 is divided by 76?
75
What is the remainder when 86019 is divided by 915?
9
What is the remainder when 5469 is divided by 2732?
5
What is the remainder when 88269 is divided by 101?
96
What is the remainder when 2418 is divided by 200?
18
Calculate the remainder when 13601 is divided by 272.
1
What is the remainder when 2237 is divided by 30?
17
What is the remainder when 2018 is divided by 335?
8
What is the remainder when 11582 is divided by 3572?
866
Calculate the remainder when 1014 is divided by 477.
60
What is the remainder when 3060 is divided by 736?
116
What is the remainder when 27277 is divided by 4543?
19
What is the remainder when 3180 is divided by 759?
144
Calculate the remainder when 390837 is divided by 12.
9
What is the remainder when 1232 is divided by 33?
11
Calculate the remainder when 18755 is divided by 345.
125
Calculate the remainder when 1005357 is divided by 71.
68
Calculate the remainder when 36364 is divided by 86.
72
What is the remainder when 1096 is divided by 6?
4
What is the remainder when 1558 is divided by 620?
318
Calculate the remainder when 413499 is divided by 64.
59
What is the remainder when 97678 is divided by 1007?
1006
What is the remainder when 26871 is divided by 8955?
6
Calculate the remainder when 264692 is divided by 959.
8
What is the remainder when 501099 is divided by 250545?
9
Calculate the remainder when 2403 is divided by 478.
13
Calculate the remainder when 138109 is divided by 128.
125
What is the remainder when 12781 is divided by 23?
16
What is the remainder when 51108 is divided by 1345?
1343
Calculate the remainder when 6728 is divided by 1737.
1517
What is the remainder when 183047 is divided by 979?
953
What is the remainder when 689417 is divided by 34?
33
What is the remainder when 45117 is divided by 293?
288
Calculate the remainder when 12625 is divided by 125.
0
Calculate the remainder when 3200 is divided by 112.
64
Calculate the remainder when 13727 is divided by 2737.
42
What is the remainder when 121977 is divided by 557?
551
Calculate the remainder when 200464 is divided by 74.
72
What is the remainder when 93201 is divided by 542?
519
Calculate the remainder when 2826 is divided by 20.
6
What is the remainder when 18305 is divided by 51?
47
What is the remainder when 63365 is divided by 720?
5
What is the remainder when 4340 is divided by 237?
74
Calculate the remainder when 22361 is divided by 7366.
263
What is the remainder when 10273 is divided by 10258?
15
What is the remainder when 327510 is divided by 146?
32
What is the remainder when 8079717 is divided by 60?
57
Calculate the remainder when 1567 is divided by 78.
7
What is the remainder when 2143 is divided by 1024?
95
What is the remainder when 4208 is divided by 264?
248
Calculate the remainder when 17732 is divided by 8.
4
What is the remainder when 5331 is divided by 1409?
1104
What is the remainder when 1962 is divided by 565?
267
What is the remainder when 2053 is divided by 1980?
73
Calculate the remainder when 37277 is divided by 80.
77
What is the remainder when 34395 is divided by 90?
15
What is the remainder when 2594 is divided by 1281?
32
Calculate the remainder when 991 is divided by 149.
97
What is the remainder when 2780682 is divided by 305?
302
Calculate the remainder when 57006 is divided by 75.
6
What is the remainder when 7020 is divided by 69?
51
Calculate the remainder when 6007 is divided by 828.
211
What is the remainder when 763654 is divided by 1549?
1546
What is the remainder when 17906 is divided by 298?
26
Calculate the remainder when 2037157 is divided by 9.
7
What is the remainder when 53598 is divided by 25?
23
What is the remainder when 47819 is divided by 583?
13
Calculate the remainder when 13429 is divided by 3029.
1313
Calculate the remainder when 6247 is divided by 691.
28
What is the remainder when 15260 is divided by 96?
92
What is the remainder when 18746 is divided by 109?
107
Calculate the remainder when 2089 is divided by 232.
1
Calculate the remainder when 7235 is divided by 3531.
173
What is the remainder when 7894 is divided by 1577?
9
Calculate the remainder when 116 is divided by 37.
5
Calculate the remainder when 929230 is divided by 50.
30
What is the remainder when 301 is divided by 107?
87
Calculate the remainder when 32161 is divided by 56.
17
Calculate the remainder when 810295 is divided by 162058.
5
Calculate the remainder when 125696 is divided by 1849.
1813
Calculate the remainder when 72777 is divided by 24.
9
Calculate the remainder when 19422 is divided by 21.
18
What is the remainder when 634844 is divided by 76?
16
Calculate the remainder when 315534 is divided by 26.
24
What is the remainder when 1086 is divided by 333?
87
Calculate the remainder when 85973 is divided by 1720.
1693
What is the remainder when 45805 is divided by 187?
177
Calculate the remainder when 7324 is divided by 813.
7
Calculate the remainder when 643639 is divided by 33.
7
What is the remainder when 304736 is divided by 152360?
16
What is the remainder when 1383 is divided by 233?
218
Calculate the remainder when 3402627 is divided by 7.
4
Calculate the remainder when 1454178 is divided by 4006.
0
Calculate the remainder when 6420 is divided by 15.
0
What is the remainder when 4328839 is divided by 11?
9
Calculate the remainder when 6872 is divided by 262.
60
What is the remainder when 18296 is divided by 3047?
14
What is the remainder when 8692 is divided by 100?
92
Calculate the remainder when 257514 is divided by 3.
0
Calculate the remainder when 15004 is divided by 43.
40
What is the remainder when 60563 is divided by 30248?
67
What is the remainder when 90212 is divided by 1172?
1140
What is the remainder when 2495 is divided by 2463?
32
Calculate the remainder when 2499 is divided by 70.
49
Calculate the remainder when 41947 is divided by 2996.
3
Calculate the remainder when 30567 is divided by 201.
15
What is the remainder when 134998 is divided by 500?
498
Calculate the remainder when 4283 is divided by 1486.
1311
Calculate the remainder when 288091 is divided by 8.
3
What is the remainder when 7044 is divided by 352